[INFO] fetching crate algosdk 1.0.0...
[INFO] checking algosdk-1.0.0 against master#af3c6e733a40e671550e0f0f5aeecaa13772ba56 for pr-74989
[INFO] extracting crate algosdk 1.0.0 into /workspace/builds/worker-8/source
[INFO] validating manifest of crates.io crate algosdk 1.0.0 on toolchain af3c6e733a40e671550e0f0f5aeecaa13772ba56
[INFO] running `Command { std: "/workspace/cargo-home/bin/cargo" "+af3c6e733a40e671550e0f0f5aeecaa13772ba56" "read-manifest" "--manifest-path" "Cargo.toml", kill_on_drop: false }`
[INFO] started tweaking crates.io crate algosdk 1.0.0
[INFO] finished tweaking crates.io crate algosdk 1.0.0
[INFO] tweaked toml for crates.io crate algosdk 1.0.0 written to /workspace/builds/worker-8/source/Cargo.toml
[INFO] crate crates.io crate algosdk 1.0.0 already has a lockfile, it will not be regenerated
[INFO] running `Command { std: "/workspace/cargo-home/bin/cargo" "+af3c6e733a40e671550e0f0f5aeecaa13772ba56" "fetch" "--locked" "--manifest-path" "Cargo.toml", kill_on_drop: false }`
[INFO] running `Command { std: "docker" "create" "-v" "/var/lib/crater-agent-workspace/builds/worker-8/target:/opt/rustwide/target:rw,Z" "-v" "/var/lib/crater-agent-workspace/builds/worker-8/source:/opt/rustwide/workdir:ro,Z" "-v" "/var/lib/crater-agent-workspace/cargo-home:/opt/rustwide/cargo-home:ro,Z" "-v" "/var/lib/crater-agent-workspace/rustup-home:/opt/rustwide/rustup-home:ro,Z" "-e" "SOURCE_DIR=/opt/rustwide/workdir" "-e" "CARGO_TARGET_DIR=/opt/rustwide/target" "-e" "CARGO_HOME=/opt/rustwide/cargo-home" "-e" "RUSTUP_HOME=/opt/rustwide/rustup-home" "-w" "/opt/rustwide/workdir" "-m" "1610612736" "--user" "0:0" "--network" "none" "rustops/crates-build-env@sha256:d92eaeed33fa75130ca1ee6c8a01d1ffb62bac859dfdfb3450e3e5d1c0146529" "/opt/rustwide/cargo-home/bin/cargo" "+af3c6e733a40e671550e0f0f5aeecaa13772ba56" "metadata" "--no-deps" "--format-version=1", kill_on_drop: false }`
[INFO] [stdout] 60474d5f30d545aa44dff91b0f1e871c96dbd6d14aa01dfa43eb351a3765058e
[INFO] [stderr] WARNING: Your kernel does not support swap limit capabilities or the cgroup is not mounted. Memory limited without swap.
[INFO] running `Command { std: "docker" "start" "-a" "60474d5f30d545aa44dff91b0f1e871c96dbd6d14aa01dfa43eb351a3765058e", kill_on_drop: false }`
[INFO] running `Command { std: "docker" "inspect" "60474d5f30d545aa44dff91b0f1e871c96dbd6d14aa01dfa43eb351a3765058e", kill_on_drop: false }`
[INFO] running `Command { std: "docker" "rm" "-f" "60474d5f30d545aa44dff91b0f1e871c96dbd6d14aa01dfa43eb351a3765058e", kill_on_drop: false }`
[INFO] [stdout] 60474d5f30d545aa44dff91b0f1e871c96dbd6d14aa01dfa43eb351a3765058e
[INFO] running `Command { std: "docker" "create" "-v" "/var/lib/crater-agent-workspace/builds/worker-8/target:/opt/rustwide/target:rw,Z" "-v" "/var/lib/crater-agent-workspace/builds/worker-8/source:/opt/rustwide/workdir:ro,Z" "-v" "/var/lib/crater-agent-workspace/cargo-home:/opt/rustwide/cargo-home:ro,Z" "-v" "/var/lib/crater-agent-workspace/rustup-home:/opt/rustwide/rustup-home:ro,Z" "-e" "SOURCE_DIR=/opt/rustwide/workdir" "-e" "CARGO_TARGET_DIR=/opt/rustwide/target" "-e" "CARGO_INCREMENTAL=0" "-e" "RUST_BACKTRACE=full" "-e" "RUSTFLAGS=--cap-lints=forbid" "-e" "CARGO_HOME=/opt/rustwide/cargo-home" "-e" "RUSTUP_HOME=/opt/rustwide/rustup-home" "-w" "/opt/rustwide/workdir" "-m" "1610612736" "--user" "0:0" "--network" "none" "rustops/crates-build-env@sha256:d92eaeed33fa75130ca1ee6c8a01d1ffb62bac859dfdfb3450e3e5d1c0146529" "/opt/rustwide/cargo-home/bin/cargo" "+af3c6e733a40e671550e0f0f5aeecaa13772ba56" "check" "--frozen" "--all" "--all-targets" "--message-format=json", kill_on_drop: false }`
[INFO] [stdout] b413adc1850d264113383c0efc8b2b4c5f003bb6b843e78d617644ea212e8be8
[INFO] [stderr] WARNING: Your kernel does not support swap limit capabilities or the cgroup is not mounted. Memory limited without swap.
[INFO] running `Command { std: "docker" "start" "-a" "b413adc1850d264113383c0efc8b2b4c5f003bb6b843e78d617644ea212e8be8", kill_on_drop: false }`
[INFO] [stderr]    Compiling syn v1.0.5
[INFO] [stderr]    Compiling bitflags v1.2.0
[INFO] [stderr]    Compiling typenum v1.11.2
[INFO] [stderr]    Compiling getrandom v0.1.12
[INFO] [stderr]     Checking ppv-lite86 v0.2.5
[INFO] [stderr]     Checking byte-tools v0.3.1
[INFO] [stderr]     Checking fake-simd v0.1.2
[INFO] [stderr]     Checking untrusted v0.7.0
[INFO] [stderr]     Checking opaque-debug v0.2.3
[INFO] [stderr]     Checking spin v0.5.2
[INFO] [stderr]     Checking static_assertions v0.3.4
[INFO] [stderr]     Checking data-encoding v2.1.2
[INFO] [stderr]    Compiling num-traits v0.2.8
[INFO] [stderr]    Compiling ring v0.16.9
[INFO] [stderr]     Checking crossbeam-utils v0.6.6
[INFO] [stderr]     Checking try_from v0.3.2
[INFO] [stderr]     Checking log v0.4.8
[INFO] [stderr]     Checking crc32fast v1.2.0
[INFO] [stderr]     Checking encoding_rs v0.8.20
[INFO] [stderr]     Checking net2 v0.2.33
[INFO] [stderr]     Checking block-padding v0.1.4
[INFO] [stderr]     Checking backtrace v0.3.38
[INFO] [stderr]     Checking flate2 v1.0.11
[INFO] [stderr]     Checking tokio-io v0.1.12
[INFO] [stderr]     Checking want v0.2.0
[INFO] [stderr]     Checking mio v0.6.19
[INFO] [stderr]     Checking error-chain v0.12.1
[INFO] [stderr]     Checking failure v0.1.5
[INFO] [stderr]     Checking tokio-executor v0.1.8
[INFO] [stderr]     Checking crossbeam-epoch v0.7.2
[INFO] [stderr]     Checking crossbeam-queue v0.1.2
[INFO] [stderr]     Checking tokio-current-thread v0.1.6
[INFO] [stderr]     Checking tokio-timer v0.2.11
[INFO] [stderr]     Checking publicsuffix v1.5.3
[INFO] [stderr]     Checking rand_core v0.5.1
[INFO] [stderr]     Checking openssl v0.10.24
[INFO] [stderr]     Checking crossbeam-deque v0.7.1
[INFO] [stderr]     Checking c2-chacha v0.2.2
[INFO] [stderr]     Checking h2 v0.1.26
[INFO] [stderr]     Checking tokio-threadpool v0.1.15
[INFO] [stderr]     Checking rand_chacha v0.2.1
[INFO] [stderr]     Checking rand v0.7.2
[INFO] [stderr]     Checking tokio-reactor v0.1.9
[INFO] [stderr]     Checking rmp v0.8.8
[INFO] [stderr]     Checking tokio-tcp v0.1.3
[INFO] [stderr]     Checking generic-array v0.12.3
[INFO] [stderr]     Checking tokio v0.1.22
[INFO] [stderr]     Checking digest v0.8.1
[INFO] [stderr]     Checking block-buffer v0.7.3
[INFO] [stderr]     Checking sha2 v0.8.0
[INFO] [stderr]     Checking hyper v0.12.35
[INFO] [stderr]     Checking native-tls v0.2.3
[INFO] [stderr]     Checking hyper-tls v0.3.2
[INFO] [stderr]    Compiling serde_derive v1.0.101
[INFO] [stderr]     Checking serde v1.0.101
[INFO] [stderr]     Checking serde_json v1.0.40
[INFO] [stderr]     Checking serde_urlencoded v0.5.5
[INFO] [stderr]     Checking rmp-serde v0.14.0
[INFO] [stderr]     Checking serde_bytes v0.11.2
[INFO] [stderr]     Checking cookie_store v0.7.0
[INFO] [stderr]     Checking reqwest v0.9.20
[INFO] [stderr]     Checking algosdk v1.0.0 (/opt/rustwide/workdir)
[INFO] [stdout] error[E0432]: unresolved import `cucumber`
[INFO] [stdout]  --> tests/cucumber.rs:5:5
[INFO] [stdout]   |
[INFO] [stdout] 5 | use cucumber::{Steps, StepsBuilder};
[INFO] [stdout]   |     ^^^^^^^^ use of undeclared type or module `cucumber`
[INFO] [stdout] 
[INFO] [stdout] 
[INFO] [stdout] error[E0432]: unresolved import `cucumber`
[INFO] [stdout]    --> tests/cucumber.rs:781:9
[INFO] [stdout]     |
[INFO] [stdout] 781 |     use cucumber::{CucumberBuilder, DefaultOutput, OutputVisitor, Scenario, Steps};
[INFO] [stdout]     |         ^^^^^^^^ use of undeclared type or module `cucumber`
[INFO] [stdout] 
[INFO] [stdout] 
[INFO] [stdout] error[E0433]: failed to resolve: use of undeclared type or module `cucumber`
[INFO] [stdout]   --> tests/cucumber.rs:70:6
[INFO] [stdout]    |
[INFO] [stdout] 70 | impl cucumber::World for World {}
[INFO] [stdout]    |      ^^^^^^^^ use of undeclared type or module `cucumber`
[INFO] [stdout] 
[INFO] [stdout] 
[INFO] [stdout] error[E0433]: failed to resolve: use of undeclared type or module `dirs`
[INFO] [stdout]   --> tests/cucumber.rs:76:24
[INFO] [stdout]    |
[INFO] [stdout] 76 |             let home = dirs::home_dir().expect("Couldn't get home dir");
[INFO] [stdout]    |                        ^^^^ use of undeclared type or module `dirs`
[INFO] [stdout] 
[INFO] [stdout] 
[INFO] [stdout] error[E0433]: failed to resolve: use of undeclared type or module `dirs`
[INFO] [stdout]   --> tests/cucumber.rs:95:24
[INFO] [stdout]    |
[INFO] [stdout] 95 |             let home = dirs::home_dir().expect("Couldn't get home dir");
[INFO] [stdout]    |                        ^^^^ use of undeclared type or module `dirs`
[INFO] [stdout] 
[INFO] [stdout] 
[INFO] [stdout] error[E0433]: failed to resolve: use of undeclared type or module `chrono`
[INFO] [stdout]    --> tests/cucumber.rs:149:84
[INFO] [stdout]     |
[INFO] [stdout] 149 | ...   let _ = algod_client.transactions(&world.accounts[0], None, None, Some(chrono::Local::today().naive_local().to_string()), Some(chro...
[INFO] [stdout]     |                                                                              ^^^^^^ use of undeclared type or module `chrono`
[INFO] [stdout] 
[INFO] [stdout] 
[INFO] [stdout] error[E0433]: failed to resolve: use of undeclared type or module `chrono`
[INFO] [stdout]    --> tests/cucumber.rs:149:140
[INFO] [stdout]     |
[INFO] [stdout] 149 | ...::today().naive_local().to_string()), Some(chrono::Local::today().naive_local().to_string()), Some(10)).unwrap();
[INFO] [stdout]     |                                               ^^^^^^ use of undeclared type or module `chrono`
[INFO] [stdout] 
[INFO] [stdout] 
[INFO] [stdout] error[E0433]: failed to resolve: use of undeclared type or module `cucumber`
[INFO] [stdout]    --> tests/cucumber.rs:796:19
[INFO] [stdout]     |
[INFO] [stdout] 796 |     let options = cucumber::cli::make_app().unwrap();
[INFO] [stdout]     |                   ^^^^^^^^ use of undeclared type or module `cucumber`
[INFO] [stdout] 
[INFO] [stdout] 
[INFO] [stdout] error: aborting due to 8 previous errors
[INFO] [stdout] 
[INFO] [stdout] 
[INFO] [stdout] Some errors have detailed explanations: E0432, E0433.
[INFO] [stdout] 
[INFO] [stdout] For more information about an error, try `rustc --explain E0432`.
[INFO] [stdout] 
[INFO] [stderr] error: could not compile `algosdk`.
[INFO] [stderr] 
[INFO] [stderr] To learn more, run the command again with --verbose.
[INFO] [stderr] warning: build failed, waiting for other jobs to finish...
[INFO] [stderr] error: build failed
[INFO] running `Command { std: "docker" "inspect" "b413adc1850d264113383c0efc8b2b4c5f003bb6b843e78d617644ea212e8be8", kill_on_drop: false }`
[INFO] running `Command { std: "docker" "rm" "-f" "b413adc1850d264113383c0efc8b2b4c5f003bb6b843e78d617644ea212e8be8", kill_on_drop: false }`
[INFO] [stdout] b413adc1850d264113383c0efc8b2b4c5f003bb6b843e78d617644ea212e8be8
